{"id":1043,"date":"2013-08-25T18:10:28","date_gmt":"2013-08-25T17:10:28","guid":{"rendered":"http:\/\/www.ressources.univ-rennes2.fr\/cultures-numeriques-dans-l-enseignement\/droit\/?page_id=1043"},"modified":"2015-01-14T11:26:45","modified_gmt":"2015-01-14T10:26:45","slug":"2-2-le-droit-de-limage","status":"publish","type":"page","link":"http:\/\/www.ressources.univ-rennes2.fr\/cultures-numeriques-dans-l-enseignement\/droit\/le-droit\/le-droit-a-limagele-droit-de-limage\/2-2-le-droit-de-limage\/","title":{"rendered":"2.2. Le droit de l&rsquo;image"},"content":{"rendered":"<p>Le <b>droit de l\u2019image<\/b> suppose, pour tout usage d\u2019un clich\u00e9, l\u2019autorisation de l\u2019auteur de la photographie. Ainsi, le droit de l\u2019image est r\u00e9gi par le Code de la Propri\u00e9t\u00e9 intellectuelle\u00a0; lequel d\u00e9finit les protections offertes aux \u0153uvres et \u00e0 leurs auteurs.<\/p>\n<p>L\u2019image est consid\u00e9r\u00e9e d\u2019un point de vue juridique comme une \u0153uvre. Il convient alors de d\u00e9finir la notion d\u2019<b>\u0153uvre<\/b> au sens du Code de la Propri\u00e9t\u00e9 intellectuelle et artistique.<\/p>\n<p>L\u2019article L 112-1 d\u00e9finit une \u0153uvre comme une cr\u00e9ation originale qui refl\u00e8te la personnalit\u00e9 de son auteur, une activit\u00e9 cr\u00e9atrice originale.<\/p>\n<p><span style=\"color: #ff0000;\">Ins\u00e9rer la vid\u00e9o Andr\u00e9 d\u00e9finition de l&rsquo;oeuvre bis<\/span><\/p>\n<p>L\u2019\u0153uvre peut se d\u00e9cliner sous diff\u00e9rentes formes\u00a0: \u0153uvre litt\u00e9raire, graphique, musicale, image, photographie, article de presse, logo, logiciel, documentation technique, \u00e9crit scientifique, cours, publicit\u00e9, \u0153uvre architecturale\u2026<\/p>\n<p><span style=\"color: #ff0000;\">Ins\u00e9rer la vid\u00e9o Andr\u00e9 d\u00e9finition revisit\u00e9e<\/span><\/p>\n<p>L\u2019\u0153uvre peut \u00eatre :<\/p>\n<ul>\n<li><b>\u0153uvre individuelle<\/b><\/li>\n<li><b>\u0153uvre collaborative<\/b> : plusieurs personnes travaillent \u00e0 l\u00e9laboration de l&rsquo;oeuvre avec des droits \u00e9quivalents<\/li>\n<li><b>\u0153uvre collective<\/b> : plusieurs auteurs r\u00e9alisent l&rsquo;oeuvre sous le nom d\u2019une personne morale ou physique. Aucun droit distinct sur l\u2019ensemble r\u00e9alis\u00e9 ne peut \u00eatre attribu\u00e9 \u00e0 chacun d&rsquo;entre euxL&rsquo;oeuvre peut se voir incorporer une \u0153uvre pr\u00e9existante\u00a0; on parle alors d&rsquo;<b>oeuvre composite <\/b><em>( pr\u00e9voir lien glossaire)<\/em>.<\/li>\n<\/ul>\n<ul>\n<li>Droit d&rsquo;auteur : Livre 1er du code de la propri\u00e9t\u00e9 intellectuelle.<\/li>\n<\/ul>\n<ul>\n<li>Droit au respect de la vie priv\u00e9e : art. 9 du code civil.<\/li>\n<\/ul>\n<ul>\n<li>Droit du propri\u00e9taire d&rsquo;un bien : art. 544 du m\u00eame code.<\/li>\n<\/ul>\n<p>On peut penser \u00e0 tort que retoucher une image nous donne des droits d\u2019auteurs en tant que cr\u00e9ateur sans s\u2019\u00eatre pr\u00e9occup\u00e9s des droits inh\u00e9rents \u00e0 cette image. En r\u00e9alit\u00e9, le\u00a0 fait<strong>\u00a0<\/strong> de modifier l\u2019image par des proc\u00e9d\u00e9s infographiques\u00a0 n\u2019enl\u00e8ve rien au droit d\u2019auteur\u00a0; de plus, l\u2019auteur pouvant consid\u00e9rer son oeuvre comme d\u00e9grad\u00e9e et de fait\u00a0 peut d\u00e9poser une plainte.<br \/>\n<strong>En r\u00e9sum\u00e9<\/strong>\u00a0:<\/p>\n<p>Dans un id\u00e9al il faut obtenir\u00a0:<\/p>\n<p>l&rsquo;autorisation de l\u2019auteur\/cr\u00e9ateur (le photographe)<\/p>\n<p>l&rsquo;autorisation du diffuseur qui lui m\u00eame a effectu\u00e9 les t\u00e2ches consistant \u00e0 se prot\u00e9ger<\/p>\n<p>l&rsquo;autorisation du sujet (personne ou bien).<\/p>\n<p>A noter que le sujet peut \u00eatre une personne mais aussi un objet ou un lieu (site ou b\u00e2timent)<\/p>\n<div id=\"__if72ru4sdfsdfrkjahiuyi_once\" style=\"display: none;\"><\/div>\n<div id=\"__if72ru4sdfsdfruh7fewui_once\" style=\"display: none;\"><\/div>\n<div id=\"__hggasdgjhsagd_once\" style=\"display: none;\"><\/div>\n","protected":false},"excerpt":{"rendered":"<p>Le droit de l\u2019image suppose, pour tout usage d\u2019un clich\u00e9, l\u2019autorisation de l\u2019auteur de la photographie. Ainsi, le droit de l\u2019image est r\u00e9gi par le Code de la Propri\u00e9t\u00e9 intellectuelle\u00a0; lequel d\u00e9finit les protections offertes aux \u0153uvres et \u00e0 leurs auteurs. L\u2019image est consid\u00e9r\u00e9e d\u2019un point de vue juridique comme une \u0153uvre. Il convient alors [&hellip;]<\/p>\n","protected":false},"author":3,"featured_media":0,"parent":1008,"menu_order":0,"comment_status":"open","ping_status":"open","template":"","meta":{"_acf_changed":false,"footnotes":""},"class_list":["post-1043","page","type-page","status-publish","hentry"],"acf":[],"_links":{"self":[{"href":"http:\/\/www.ressources.univ-rennes2.fr\/cultures-numeriques-dans-l-enseignement\/droit\/wp-json\/wp\/v2\/pages\/1043","targetHints":{"allow":["GET"]}}],"collection":[{"href":"http:\/\/www.ressources.univ-rennes2.fr\/cultures-numeriques-dans-l-enseignement\/droit\/wp-json\/wp\/v2\/pages"}],"about":[{"href":"http:\/\/www.ressources.univ-rennes2.fr\/cultures-numeriques-dans-l-enseignement\/droit\/wp-json\/wp\/v2\/types\/page"}],"author":[{"embeddable":true,"href":"http:\/\/www.ressources.univ-rennes2.fr\/cultures-numeriques-dans-l-enseignement\/droit\/wp-json\/wp\/v2\/users\/3"}],"replies":[{"embeddable":true,"href":"http:\/\/www.ressources.univ-rennes2.fr\/cultures-numeriques-dans-l-enseignement\/droit\/wp-json\/wp\/v2\/comments?post=1043"}],"version-history":[{"count":5,"href":"http:\/\/www.ressources.univ-rennes2.fr\/cultures-numeriques-dans-l-enseignement\/droit\/wp-json\/wp\/v2\/pages\/1043\/revisions"}],"predecessor-version":[{"id":1607,"href":"http:\/\/www.ressources.univ-rennes2.fr\/cultures-numeriques-dans-l-enseignement\/droit\/wp-json\/wp\/v2\/pages\/1043\/revisions\/1607"}],"up":[{"embeddable":true,"href":"http:\/\/www.ressources.univ-rennes2.fr\/cultures-numeriques-dans-l-enseignement\/droit\/wp-json\/wp\/v2\/pages\/1008"}],"wp:attachment":[{"href":"http:\/\/www.ressources.univ-rennes2.fr\/cultures-numeriques-dans-l-enseignement\/droit\/wp-json\/wp\/v2\/media?parent=1043"}],"curies":[{"name":"wp","href":"https:\/\/api.w.org\/{rel}","templated":true}]}}