{"id":566,"date":"2013-06-16T15:11:10","date_gmt":"2013-06-16T14:11:10","guid":{"rendered":"http:\/\/www.ressources.univ-rennes2.fr\/cultures-numeriques-dans-l-enseignement\/droit\/?page_id=566"},"modified":"2015-01-01T21:04:45","modified_gmt":"2015-01-01T20:04:45","slug":"9-6-pour-aller-plus-loin","status":"publish","type":"page","link":"http:\/\/www.ressources.univ-rennes2.fr\/cultures-numeriques-dans-l-enseignement\/droit\/a-partir-de-lactualite\/la-gueule-de-lemploi\/9-6-pour-aller-plus-loin\/","title":{"rendered":"2.5.6. Pour aller plus loin"},"content":{"rendered":"<p><span style=\"line-height: 1.5em;\">Le r\u00e9alisateur Didier Cros\u00a0 nous a accord\u00e9 une interview et a autoris\u00e9 (ainsi que Zadig productions) \u00e0 diffuser quelques extraits du film. Nous ne pointons en fait que quelques extraits pr\u00e9sents sur internet. Le film est disponible en DVD et en VOD. Diffus\u00e9 sur une chaine publique fran\u00e7aise, il entre dans le cadre de l\u2019exception p\u00e9dagogique, pour aborder la question des droits d\u2019auteurs et l\u2019impact de l\u2019Internet sur la cr\u00e9ation cin\u00e9matographique.Le cr\u00e9ateur de lagueuledelemploi.net n\u2019est pas un internaute tout \u00e0 fait ordinaire. Voici son tweet.<\/span><a style=\"line-height: 1.5em;\" href=\"http:\/\/www.youtube.com\/watch?v=jEJWVkn0lYE\">http:\/\/www.youtube.com\/watch?v=jEJWVkn0lYE<\/a><a style=\"line-height: 1.5em;\" href=\"http:\/\/gandhirules.com\/blog\/billets\/inspirations\/mes-heros-de-linternet-soymalau-alias-baptiste-fluzin\/#!prettyPhoto[Gallery]\/1\/\">http:\/\/gandhirules.com\/blog\/billets\/inspirations\/mes-heros-de-linternet-soymalau-alias-baptiste-fluzin\/#!prettyPhoto[Gallery]\/1\/<\/a><span style=\"line-height: 1.5em;\">Il a une agence de communication et a sign\u00e9 la campagne publicitaire\u00a0 des pr\u00e9sidentielles de Fran\u00e7ois Hollande. Il a aussi insult\u00e9 Cop\u00e9 et NKM sur son blog entre les deux tours des \u00e9lections. Une plainte est d\u00e9pos\u00e9e\u00a0:<\/span><a style=\"line-height: 1.5em;\" href=\"http:\/\/mcetv.fr\/mon-mag\/1305-videos-mce-interview-exclusive-de-baptiste-fluzin-le-twittos-qui-a-insulte-jean-francois-cope-et-nathalie-kosciusko-morizet\"><b>http:\/\/mcetv.fr\/mon-mag\/1305-videos-mce-interview-exclusive-de-baptiste-fluzin-le-twittos-qui-a-insulte-jean-francois-cope-et-nathalie-kosciusko-morizet<\/b><\/a><a style=\"line-height: 1.5em;\" href=\"http:\/\/scriptogr.am\/baptiste\/post\/jai-injurie-nkm-et-cope\"><b>http:\/\/scriptogr.am\/baptiste\/post\/jai-injurie-nkm-et-cope<\/b><\/a><\/p>\n<p><a href=\"http:\/\/www.huffingtonpost.fr\/2012\/05\/02\/plainte-injure-twitter-nkm-cope-baptiste-fluzin-soymalau-facebook_n_1469987.html\"><b>http:\/\/www.huffingtonpost.fr\/2012\/05\/02\/plainte-injure-twitter-nkm-cope-baptiste-fluzin-soymalau-facebook_n_1469987.html<\/b><\/a><\/p>\n<p><b>Puis retir\u00e9e\u00a0:<\/b><\/p>\n<p><a href=\"http:\/\/www.huffingtonpost.fr\/2012\/06\/14\/nkm-twitter-plainte-baptiste-fluzin-soymalau_n_1595723.html\"><b>http:\/\/www.huffingtonpost.fr\/2012\/06\/14\/nkm-twitter-plainte-baptiste-fluzin-soymalau_n_1595723.html<\/b><\/a><\/p>\n<p><b>Apr\u00e8s des excuses m\u00e9diatiques\u00a0:<\/b><\/p>\n<p><a href=\"http:\/\/leplus.nouvelobs.com\/contribution\/569548-j-ai-insulte-nkm-et-cope-au-lieu-d-excuses-je-les-assure-de-mes-regrets.html\"><b>http:\/\/leplus.nouvelobs.com\/contribution\/569548-j-ai-insulte-nkm-et-cope-au-lieu-d-excuses-je-les-assure-de-mes-regrets.html<\/b><\/a><\/p>\n<p>&nbsp;<\/p>\n","protected":false},"excerpt":{"rendered":"<p>Le r\u00e9alisateur Didier Cros\u00a0 nous a accord\u00e9 une interview et a autoris\u00e9 (ainsi que Zadig productions) \u00e0 diffuser quelques extraits du film. Nous ne pointons en fait que quelques extraits pr\u00e9sents sur internet. Le film est disponible en DVD et en VOD. Diffus\u00e9 sur une chaine publique fran\u00e7aise, il entre dans le cadre de l\u2019exception [&hellip;]<\/p>\n","protected":false},"author":2,"featured_media":0,"parent":421,"menu_order":0,"comment_status":"open","ping_status":"closed","template":"","meta":{"_acf_changed":false,"footnotes":""},"class_list":["post-566","page","type-page","status-publish","hentry"],"acf":[],"_links":{"self":[{"href":"http:\/\/www.ressources.univ-rennes2.fr\/cultures-numeriques-dans-l-enseignement\/droit\/wp-json\/wp\/v2\/pages\/566","targetHints":{"allow":["GET"]}}],"collection":[{"href":"http:\/\/www.ressources.univ-rennes2.fr\/cultures-numeriques-dans-l-enseignement\/droit\/wp-json\/wp\/v2\/pages"}],"about":[{"href":"http:\/\/www.ressources.univ-rennes2.fr\/cultures-numeriques-dans-l-enseignement\/droit\/wp-json\/wp\/v2\/types\/page"}],"author":[{"embeddable":true,"href":"http:\/\/www.ressources.univ-rennes2.fr\/cultures-numeriques-dans-l-enseignement\/droit\/wp-json\/wp\/v2\/users\/2"}],"replies":[{"embeddable":true,"href":"http:\/\/www.ressources.univ-rennes2.fr\/cultures-numeriques-dans-l-enseignement\/droit\/wp-json\/wp\/v2\/comments?post=566"}],"version-history":[{"count":9,"href":"http:\/\/www.ressources.univ-rennes2.fr\/cultures-numeriques-dans-l-enseignement\/droit\/wp-json\/wp\/v2\/pages\/566\/revisions"}],"predecessor-version":[{"id":1518,"href":"http:\/\/www.ressources.univ-rennes2.fr\/cultures-numeriques-dans-l-enseignement\/droit\/wp-json\/wp\/v2\/pages\/566\/revisions\/1518"}],"up":[{"embeddable":true,"href":"http:\/\/www.ressources.univ-rennes2.fr\/cultures-numeriques-dans-l-enseignement\/droit\/wp-json\/wp\/v2\/pages\/421"}],"wp:attachment":[{"href":"http:\/\/www.ressources.univ-rennes2.fr\/cultures-numeriques-dans-l-enseignement\/droit\/wp-json\/wp\/v2\/media?parent=566"}],"curies":[{"name":"wp","href":"https:\/\/api.w.org\/{rel}","templated":true}]}}