{"id":962,"date":"2013-08-22T21:20:01","date_gmt":"2013-08-22T20:20:01","guid":{"rendered":"http:\/\/www.ressources.univ-rennes2.fr\/cultures-numeriques-dans-l-enseignement\/droit\/?page_id=962"},"modified":"2014-11-25T11:00:00","modified_gmt":"2014-11-25T10:00:00","slug":"le-respect-version-google","status":"publish","type":"page","link":"http:\/\/www.ressources.univ-rennes2.fr\/cultures-numeriques-dans-l-enseignement\/droit\/a-partir-de-lactualite\/google-et-la-presse\/le-respect-version-google\/","title":{"rendered":"2.1.3 Le respect version Google"},"content":{"rendered":"<p><b style=\"font-size: 13px;\">Google respecte-t-il la r\u00e9glementation europ\u00e9enne en mati\u00e8re de droit d\u2019auteur et de vie priv\u00e9e\u00a0?<\/b><\/p>\n<p>Comme on l\u2019a vu dans la r\u00e9ponse 1, \u00e0 propos des condamnations de Google, sur le principe, ils ne se sentent pas concern\u00e9es par ces r\u00e8gles europ\u00e9ennes. En se basant sur le droit am\u00e9ricain (copyright\u2026) ils \u00e9tendent de fait cette r\u00e9glementation \u00e0 l\u2019ensemble de la plan\u00e8te. Par exemple, ils consid\u00e8rent que c\u2019est \u00e0 l\u2019\u00e9diteur qui ne veut pas \u00eatre r\u00e9f\u00e9renc\u00e9 dans Google books de le faire savoir\u00a0! Il s\u2019agit de l\u2019<i>opt-out <\/i>(en fran\u00e7ais option de retrait) permettant aux \u00e9diteurs ou auteurs m\u00e9contents de retirer leurs livres, strat\u00e9gie qui ne repose pas sur une demande d\u2019accord pr\u00e9alable aux ayants-droits, comme en France. Ils ne modifient leurs pratiques qu\u2019une fois condamn\u00e9s.<\/p>\n<p>L&rsquo;argumentation de Google est toujours la m\u00eame. Ils agissent dans l&rsquo;int\u00e9r\u00eat de l&rsquo;humanit\u00e9 (et de leurs clients) Au plus fort de l&rsquo;affaire Snowden, Vinton Cerf, vice-pr\u00e9sident embl\u00e9matique de Google, (accus\u00e9 de collaboration avec le gouvernement am\u00e9ricain) <a href=\"http:\/\/lexpansion.lexpress.fr\/high-tech\/vinton-cerf-internautes-reveillez-vous_396691.html\">ne craignait pas d &lsquo;appeler les internautes \u00e0 \u00a0se r\u00e9veiller<\/a> pour prot\u00e9ger leur vie priv\u00e9e !<br \/>\n<object id=\"flashObj\" width=\"480\" height=\"270\" classid=\"clsid:d27cdb6e-ae6d-11cf-96b8-444553540000\" codebase=\"http:\/\/download.macromedia.com\/pub\/shockwave\/cabs\/flash\/swflash.cab#version=6,0,40,0\" bgcolor=\"#FFFFFF\"><param name=\"flashVars\" value=\"videoId=2574852262001&amp;playerID=111591373001&amp;playerKey=AQ~~,AAAAF8iFk0k~,DLJz4w44-zp9kL3E7jvY3cNK_WF8C4lR&amp;domain=embed&amp;dynamicStreaming=true\" \/><param name=\"base\" value=\"http:\/\/admin.brightcove.com\" \/><param name=\"seamlesstabbing\" value=\"false\" \/><param name=\"allowFullScreen\" value=\"true\" \/><param name=\"swLiveConnect\" value=\"true\" \/><param name=\"allowScriptAccess\" value=\"always\" \/><param name=\"src\" value=\"http:\/\/c.brightcove.com\/services\/viewer\/federated_f9?isVid=1&amp;isUI=1\" \/><param name=\"flashvars\" value=\"videoId=2574852262001&amp;playerID=111591373001&amp;playerKey=AQ~~,AAAAF8iFk0k~,DLJz4w44-zp9kL3E7jvY3cNK_WF8C4lR&amp;domain=embed&amp;dynamicStreaming=true\" \/><param name=\"allowfullscreen\" value=\"true\" \/><param name=\"allowscriptaccess\" value=\"always\" \/><param name=\"swliveconnect\" value=\"true\" \/><param name=\"pluginspage\" value=\"http:\/\/www.macromedia.com\/shockwave\/download\/index.cgi?P1_Prod_Version=ShockwaveFlash\" \/><embed id=\"flashObj\" width=\"480\" height=\"270\" type=\"application\/x-shockwave-flash\" src=\"http:\/\/c.brightcove.com\/services\/viewer\/federated_f9?isVid=1&amp;isUI=1\" flashVars=\"videoId=2574852262001&amp;playerID=111591373001&amp;playerKey=AQ~~,AAAAF8iFk0k~,DLJz4w44-zp9kL3E7jvY3cNK_WF8C4lR&amp;domain=embed&amp;dynamicStreaming=true\" base=\"http:\/\/admin.brightcove.com\" seamlesstabbing=\"false\" allowFullScreen=\"true\" swLiveConnect=\"true\" allowScriptAccess=\"always\" flashvars=\"videoId=2574852262001&amp;playerID=111591373001&amp;playerKey=AQ~~,AAAAF8iFk0k~,DLJz4w44-zp9kL3E7jvY3cNK_WF8C4lR&amp;domain=embed&amp;dynamicStreaming=true\" allowfullscreen=\"true\" allowscriptaccess=\"always\" swliveconnect=\"true\" pluginspage=\"http:\/\/www.macromedia.com\/shockwave\/download\/index.cgi?P1_Prod_Version=ShockwaveFlash\" bgcolor=\"#FFFFFF\" \/><\/object><\/p>\n<p>Cet article multim\u00e9dia\u00a0\u00bb<a href=\"http:\/\/www.franceculture.fr\/emission-pixel-de-quoi-je-me-mail-2013-09-06\">De quoi j&rsquo;me mail ?<\/a>\u00ab\u00a0apporte une grande diversit\u00e9 de point de vue et pr\u00e9cise l&rsquo;ultimatum adress\u00e9 par la CNIL \u00e0 Google.<\/p>\n<p>Ce fait divers est typiquement \u00e0 l\u2019intersection du droit et de la s\u00e9curit\u00e9 (protection de la plan\u00e8te et de chaque individu). D\u2019une mani\u00e8re plus g\u00e9n\u00e9rale, le d\u00e9veloppement du num\u00e9rique pose aussi des <a href=\"http:\/\/bigbrowser.blog.lemonde.fr\/2013\/08\/19\/energivore-un-iphone-consomme-plus-delectricite-quun-refrigerateur\/\">probl\u00e8mes \u00e9nerg\u00e9tiques<\/a> qui sont tout sauf n\u00e9gligeables (d\u00e9veloppement soutenable).<\/p>\n<p>Google vient d\u2019ailleurs de faire <a href=\"http:\/\/www.romandie.com\/news\/n\/_Google_financera_son_datacenter_en_Finlande_avec_des_energies_renouvelables61040620131532.asp\">des d\u00e9clarations<\/a> dans le sens d\u2019une prise en compte de ce probl\u00e8me gr\u00e2ce \u00e0 un parc \u00e9olien place \u00e0 proximit\u00e9 de son nouveau data en Finlande.<\/p>\n<p style=\"text-align: center;\"><a href=\"http:\/\/www.ressources.univ-rennes2.fr\/cultures-numeriques-dans-l-enseignement\/droit\/wp-content\/uploads\/2013\/08\/train-GO.jpg\"><img loading=\"lazy\" decoding=\"async\" alt=\"train GO\" src=\"http:\/\/www.ressources.univ-rennes2.fr\/cultures-numeriques-dans-l-enseignement\/droit\/wp-content\/uploads\/2013\/08\/train-GO.jpg\" width=\"275\" height=\"183\" \/><\/a><\/p>\n<div>\n<h3>Engagements environnementaux (extrait Wikipedia)<\/h3>\n<\/div>\n<p>Pour \u00eatre en accord avec sa politique de\u00a0d\u00e9veloppement durable, des services de covoiturages sont organis\u00e9s et les d\u00e9placements entre les b\u00e2timents se font \u00e0 v\u00e9lo. Les b\u00e2timents sont surmont\u00e9s de plusieurs milliers de capteurs solaires. Dans la m\u00eame vis\u00e9e, au lieu d&#8217;employer des tondeuses \u00e0 gazon pour d\u00e9broussailler les alentours du googleplex dans des mesures de lutte anti-incendie, l&rsquo;entreprise a recrut\u00e9 200 ch\u00e8vres.<\/p>\n<p>Toutefois cet affichage est mis \u00e0 mal par la r\u00e9putation de la soci\u00e9t\u00e9 d&rsquo;\u00eatre un tr\u00e8s grand consommateur d&rsquo;\u00e9nergie, par le biais de ses\u00a0fermes de serveurs.<\/p>\n<p>Fin juin 2011, Google injecte 280 millions de dollars dans l&rsquo;entreprise SolarCity, ce qui porte ses investissements totaux dans les \u00e9nergies vertes \u00e0\u00a0680\u00a0millions $.<\/p>\n<p>Fin septembre 2011, Google s&rsquo;associe \u00e0 Clean Power Finance et investi 75 millions de dollars pour installer des syst\u00e8mes d&rsquo;\u00e9nergie solaire chez des particuliers dans le but de d\u00e9mocratiser cette \u00e9nergie aupr\u00e8s des citoyens. Il <a href=\"http:\/\/www.pcinpact.com\/news\/56733-google-electricite-energies-renouvelables-eoliennes.htm\">ach\u00e8te aussi des \u00e9oliennes.\u00a0<\/a><\/p>\n<div>\n<h3>Impact environnemental (Wikipedia)<\/h3>\n<\/div>\n<p>Selon Alex Wissner-Gross, physicien \u00e0 l&rsquo;universit\u00e9 Harvard, les requ\u00eates dans Google ont un impact environnemental non n\u00e9gligeable en termes d&rsquo;\u00e9missions de\u00a0gaz \u00e0 effet de serre\u00a0: selon cette \u00e9tude, deux recherches sur Google g\u00e9n\u00e8rent en moyenne\u00a014\u00a0g\u00a0de CO<sub>2<\/sub>, soit autant que le fait de faire fonctionner une bouilloire. Selon les propres calculs de Google, ces requ\u00eates ne p\u00e8sent que0,2\u00a0g.\u00a0Les\u00a0fermes de serveurs\u00a0de l&rsquo;entreprise sont notamment r\u00e9put\u00e9es avoir une consommation, syst\u00e8mes de refroidissement inclus, repr\u00e9sentant plusieurs\u00a0centrales nucl\u00e9aires.<\/p>\n<p style=\"text-align: center;\"><a href=\"http:\/\/www.ressources.univ-rennes2.fr\/cultures-numeriques-dans-l-enseignement\/droit\/wp-content\/uploads\/2013\/08\/train-GO.jpg\">\u00a0<\/a><\/p>\n","protected":false},"excerpt":{"rendered":"<p>Google respecte-t-il la r\u00e9glementation europ\u00e9enne en mati\u00e8re de droit d\u2019auteur et de vie priv\u00e9e\u00a0? Comme on l\u2019a vu dans la r\u00e9ponse 1, \u00e0 propos des condamnations de Google, sur le principe, ils ne se sentent pas concern\u00e9es par ces r\u00e8gles europ\u00e9ennes. En se basant sur le droit am\u00e9ricain (copyright\u2026) ils \u00e9tendent de fait cette r\u00e9glementation [&hellip;]<\/p>\n","protected":false},"author":2,"featured_media":0,"parent":417,"menu_order":0,"comment_status":"open","ping_status":"open","template":"","meta":{"_acf_changed":false,"footnotes":""},"class_list":["post-962","page","type-page","status-publish","hentry"],"acf":[],"_links":{"self":[{"href":"http:\/\/www.ressources.univ-rennes2.fr\/cultures-numeriques-dans-l-enseignement\/droit\/wp-json\/wp\/v2\/pages\/962","targetHints":{"allow":["GET"]}}],"collection":[{"href":"http:\/\/www.ressources.univ-rennes2.fr\/cultures-numeriques-dans-l-enseignement\/droit\/wp-json\/wp\/v2\/pages"}],"about":[{"href":"http:\/\/www.ressources.univ-rennes2.fr\/cultures-numeriques-dans-l-enseignement\/droit\/wp-json\/wp\/v2\/types\/page"}],"author":[{"embeddable":true,"href":"http:\/\/www.ressources.univ-rennes2.fr\/cultures-numeriques-dans-l-enseignement\/droit\/wp-json\/wp\/v2\/users\/2"}],"replies":[{"embeddable":true,"href":"http:\/\/www.ressources.univ-rennes2.fr\/cultures-numeriques-dans-l-enseignement\/droit\/wp-json\/wp\/v2\/comments?post=962"}],"version-history":[{"count":10,"href":"http:\/\/www.ressources.univ-rennes2.fr\/cultures-numeriques-dans-l-enseignement\/droit\/wp-json\/wp\/v2\/pages\/962\/revisions"}],"predecessor-version":[{"id":1468,"href":"http:\/\/www.ressources.univ-rennes2.fr\/cultures-numeriques-dans-l-enseignement\/droit\/wp-json\/wp\/v2\/pages\/962\/revisions\/1468"}],"up":[{"embeddable":true,"href":"http:\/\/www.ressources.univ-rennes2.fr\/cultures-numeriques-dans-l-enseignement\/droit\/wp-json\/wp\/v2\/pages\/417"}],"wp:attachment":[{"href":"http:\/\/www.ressources.univ-rennes2.fr\/cultures-numeriques-dans-l-enseignement\/droit\/wp-json\/wp\/v2\/media?parent=962"}],"curies":[{"name":"wp","href":"https:\/\/api.w.org\/{rel}","templated":true}]}}