{"id":976,"date":"2013-08-24T20:20:03","date_gmt":"2013-08-24T19:20:03","guid":{"rendered":"http:\/\/www.ressources.univ-rennes2.fr\/cultures-numeriques-dans-l-enseignement\/droit\/?page_id=976"},"modified":"2014-11-25T16:26:42","modified_gmt":"2014-11-25T15:26:42","slug":"questions","status":"publish","type":"page","link":"http:\/\/www.ressources.univ-rennes2.fr\/cultures-numeriques-dans-l-enseignement\/droit\/a-partir-de-lactualite\/nsa-juste-le-feuilleton-de-lete\/questions\/","title":{"rendered":"2.4.1 Questions"},"content":{"rendered":"<p><span style=\"font-size: 13px;\">1. Q<strong>u\u2019est-ce qu\u2019un lanceur d\u2019alertes ? Y a-t\u2019 il des textes les prot\u00e8gent dans la l\u00e9gislation fran\u00e7aise et dans celle en vigueur aux Etats-Unis ?<\/strong><\/span><\/p>\n<p><strong> 2. La s\u00e9curit\u00e9 des Etats doit-elle \u00eatre repens\u00e9e ? Pourquoi ?<\/strong><br \/>\n<strong> 3. L\u2019affaire Snowden permet-elle d\u2019apprendre des choses nouvelles ?<\/strong><\/p>\n<p style=\"text-align: center;\"><a href=\"http:\/\/www.ressources.univ-rennes2.fr\/cultures-numeriques-dans-l-enseignement\/droit\/wp-content\/uploads\/2013\/08\/Obama.jpg\"><img loading=\"lazy\" decoding=\"async\" class=\"alignnone size-medium wp-image-977\" alt=\"Obama\" src=\"http:\/\/www.ressources.univ-rennes2.fr\/cultures-numeriques-dans-l-enseignement\/droit\/wp-content\/uploads\/2013\/08\/Obama-300x300.jpg\" width=\"300\" height=\"300\" srcset=\"http:\/\/www.ressources.univ-rennes2.fr\/cultures-numeriques-dans-l-enseignement\/droit\/wp-content\/uploads\/2013\/08\/Obama-300x300.jpg 300w, http:\/\/www.ressources.univ-rennes2.fr\/cultures-numeriques-dans-l-enseignement\/droit\/wp-content\/uploads\/2013\/08\/Obama-150x150.jpg 150w, http:\/\/www.ressources.univ-rennes2.fr\/cultures-numeriques-dans-l-enseignement\/droit\/wp-content\/uploads\/2013\/08\/Obama.jpg 480w\" sizes=\"auto, (max-width: 300px) 100vw, 300px\" \/><\/a><\/p>\n<p style=\"text-align: left;\">Si vous n\u2019avez pas suivi (ou si vous n\u2019avez plus en t\u00eate) les \u00e9l\u00e9ments ce dossier lisez cette\u00a0<a href=\"http:\/\/www.lemonde.fr\/technologies\/article\/2013\/07\/02\/prism-snowden-surveillance-de-la-nsa-tout-comprendre-en-6-etapes_3437984_651865.html?xtmc=lanceur_d_alertes_obama&amp;xtcr=18\">synth\u00e8se<\/a>.<\/p>\n","protected":false},"excerpt":{"rendered":"<p>1. Qu\u2019est-ce qu\u2019un lanceur d\u2019alertes ? Y a-t\u2019 il des textes les prot\u00e8gent dans la l\u00e9gislation fran\u00e7aise et dans celle en vigueur aux Etats-Unis ? 2. La s\u00e9curit\u00e9 des Etats doit-elle \u00eatre repens\u00e9e ? Pourquoi ? 3. L\u2019affaire Snowden permet-elle d\u2019apprendre des choses nouvelles ? Si vous n\u2019avez pas suivi (ou si vous n\u2019avez plus [&hellip;]<\/p>\n","protected":false},"author":2,"featured_media":0,"parent":840,"menu_order":0,"comment_status":"open","ping_status":"open","template":"","meta":{"_acf_changed":false,"footnotes":""},"class_list":["post-976","page","type-page","status-publish","hentry"],"acf":[],"_links":{"self":[{"href":"http:\/\/www.ressources.univ-rennes2.fr\/cultures-numeriques-dans-l-enseignement\/droit\/wp-json\/wp\/v2\/pages\/976","targetHints":{"allow":["GET"]}}],"collection":[{"href":"http:\/\/www.ressources.univ-rennes2.fr\/cultures-numeriques-dans-l-enseignement\/droit\/wp-json\/wp\/v2\/pages"}],"about":[{"href":"http:\/\/www.ressources.univ-rennes2.fr\/cultures-numeriques-dans-l-enseignement\/droit\/wp-json\/wp\/v2\/types\/page"}],"author":[{"embeddable":true,"href":"http:\/\/www.ressources.univ-rennes2.fr\/cultures-numeriques-dans-l-enseignement\/droit\/wp-json\/wp\/v2\/users\/2"}],"replies":[{"embeddable":true,"href":"http:\/\/www.ressources.univ-rennes2.fr\/cultures-numeriques-dans-l-enseignement\/droit\/wp-json\/wp\/v2\/comments?post=976"}],"version-history":[{"count":6,"href":"http:\/\/www.ressources.univ-rennes2.fr\/cultures-numeriques-dans-l-enseignement\/droit\/wp-json\/wp\/v2\/pages\/976\/revisions"}],"predecessor-version":[{"id":1472,"href":"http:\/\/www.ressources.univ-rennes2.fr\/cultures-numeriques-dans-l-enseignement\/droit\/wp-json\/wp\/v2\/pages\/976\/revisions\/1472"}],"up":[{"embeddable":true,"href":"http:\/\/www.ressources.univ-rennes2.fr\/cultures-numeriques-dans-l-enseignement\/droit\/wp-json\/wp\/v2\/pages\/840"}],"wp:attachment":[{"href":"http:\/\/www.ressources.univ-rennes2.fr\/cultures-numeriques-dans-l-enseignement\/droit\/wp-json\/wp\/v2\/media?parent=976"}],"curies":[{"name":"wp","href":"https:\/\/api.w.org\/{rel}","templated":true}]}}