{"id":548,"date":"2014-12-30T12:38:48","date_gmt":"2014-12-30T11:38:48","guid":{"rendered":"http:\/\/www.ressources.univ-rennes2.fr\/cultures-numeriques-dans-l-enseignement\/plateforme\/?page_id=548"},"modified":"2015-01-08T19:51:10","modified_gmt":"2015-01-08T18:51:10","slug":"2-4-3-exemples-dactivites-collaboratives","status":"publish","type":"page","link":"http:\/\/www.ressources.univ-rennes2.fr\/cultures-numeriques-dans-l-enseignement\/plateforme\/2-des-outils-pour-ecrire-et-collaborer\/2-5-pinterest\/2-4-3-exemples-dactivites-collaboratives\/","title":{"rendered":"2.4.3 exemples d&rsquo;activit\u00e9s collaboratives"},"content":{"rendered":"<p><strong> Trois types de d\u00e9marche avec Pinterest<br \/>\n<\/strong><\/p>\n<p><strong>1 : Collecter et commenter des images ou des infographies<\/strong><\/p>\n<p>Ce premier type de sc\u00e9narios est bas\u00e9 sur la recherche en ligne d&rsquo;images ou d&rsquo;infographies sur un th\u00e8me. Il s&rsquo;agira pour les \u00e9l\u00e8ves d&rsquo;identifier d&rsquo;une part les contextes de production de l&rsquo;image afin de pouvoir en citer la source et d&rsquo;autre part de prendre appui sur ce document pour r\u00e9diger un commentaire ou un texte bref (limit\u00e9 \u00e0 400 caract\u00e8res dans la zone de saisie de texte de Pinterest). Les \u00e9l\u00e8ves doivent avoir des consignes claires sur le contrat de lecture (analyse de la source de l&rsquo;image, les objectifs cibl\u00e9s \u00e0 travers la r\u00e9daction d&rsquo;un commentaire.<\/p>\n<p>En voici deux exemples o\u00f9 les \u00e9l\u00e8ves utilisent un compte Pinterest qui est celui de la classe : les <a title=\"Comptes-rendus de lecture\" href=\"http:\/\/www.pinterest.com\/classecuvier\/lectures-espagnoles\/\" target=\"_blank\">comptes-rendus de lecture <\/a>de la classe de 1\u00e8re du lyc\u00e9e Cuvier en espagnol, le <a title=\"Mus\u00e9e virtuel\" href=\"http:\/\/www.pinterest.com\/gadoriole\/oeuvres-surr%C3%A9alistes\/\" target=\"_blank\">mus\u00e9e virtuel sur le surr\u00e9alisme<\/a> des \u00e9l\u00e8ves du lyc\u00e9e professionnel Doriole<\/p>\n<p><strong>2 : Publier des travaux d&rsquo;\u00e9l\u00e8ves<\/strong><\/p>\n<p>La plate forme Pinterest peut \u00eatre utilis\u00e9 pour publier des travaux visuels d&rsquo;\u00e9l\u00e8ves (expositions, planches de bande dessin\u00e9e, dessins&#8230;). Ce type d&rsquo;exposition virtuelle permet d&rsquo;amplifier la diffusion des productions des \u00e9l\u00e8ves et les am\u00e8ne \u00e0 utiliser un r\u00e9seau social pour expliquer leur d\u00e9marche cr\u00e9atrice. Ce faisant ils apprennent \u00e0 se construire une identit\u00e9 num\u00e9rique positive.Voici un exemple de publication de productions d&rsquo;\u00e9l\u00e8ves de 6\u00e8me du coll\u00e8ge Henri Wallon de Nice sur le th\u00e8me de<a title=\"Bande dessin\u00e9e\" href=\"http:\/\/www.pinterest.com\/clgw605\/planches-de-bd-r%C3%A9alis%C3%A9es\/\" target=\"_blank\"> la bande dessin\u00e9e<\/a><\/p>\n<p>Communiquer: Pinterest et les supports mobiles (tablettte num\u00e9rique, smartphone)<\/p>\n<p><strong>3 : une piste \u00e0 explorer : publier sur Pinterest avec les supports nomades<\/strong><\/p>\n<p>Le r\u00e9seau social Pinterest peut \u00eatre utilis\u00e9 pour publier une collection de photographies prises par les \u00e9l\u00e8ves avec les supports nomades (tablettes, smartphones..) lors d&rsquo;une sortie scolaire, lors de la visite d&rsquo;une exposition. Ce type de projet p\u00e9dagogique doit alors \u00eatre encadr\u00e9e par une charte des droits et devoirs de l&rsquo;\u00e9l\u00e8ve sp\u00e9cifique \u00e0 ce projet.<\/p>\n<p>De nombreuses comp\u00e9tences autour de l&rsquo;\u00e9ducation \u00e0 l&rsquo;image sont mises en oeuvre dans ce type de sc\u00e9nario qui part des pratiques num\u00e9riques informelles des \u00e9l\u00e8ves et vise \u00e0 les former \u00e0 utiliser le smartphone comme un instrument de collecte d&rsquo;information. En fonction des objectifs de publication, les \u00e9l\u00e8ves publieront sur compte Pinterest de groupe ou de classe.<\/p>\n<p>&nbsp;<br \/>\n<strong>4 : validation de comp\u00e9tences du B2i<\/strong><\/p>\n<p>Ce type de sc\u00e9nario permet de valider un ensemble de comp\u00e9tences du B2i li\u00e9s aux domaines suivants :<\/p>\n<ul>\n<li>Domaine 2 : Adopter une attitude responsable<\/li>\n<li>Domaine 3 : Cr\u00e9er \/ produire \/ traiter et exploiter des donn\u00e9es<\/li>\n<li>Domaine 5 : Communiquer \/ \u00e9changer<\/li>\n<\/ul>\n<p>Outre les objectifs li\u00e9s \u00e0 l&rsquo;usage de l&rsquo;image dans chaque discipline, l&rsquo;int\u00e9r\u00eat de ces d\u00e9marches p\u00e9dagogiques est d&rsquo;amener les \u00e9l\u00e8ves \u00e0 acqu\u00e9rir de mani\u00e8re r\u00e9flexive des savoirs critiques sur leur usage personnel des r\u00e9seaux sociaux.<\/p>\n<p>&nbsp;<\/p>\n","protected":false},"excerpt":{"rendered":"<p>Trois types de d\u00e9marche avec Pinterest 1 : Collecter et commenter des images ou des infographies Ce premier type de sc\u00e9narios est bas\u00e9 sur la recherche en ligne d&rsquo;images ou d&rsquo;infographies sur un th\u00e8me. Il s&rsquo;agira pour les \u00e9l\u00e8ves d&rsquo;identifier d&rsquo;une part les contextes de production de l&rsquo;image afin de pouvoir en citer la source [&hellip;]<\/p>\n","protected":false},"author":2,"featured_media":0,"parent":455,"menu_order":3,"comment_status":"open","ping_status":"open","template":"","meta":{"_acf_changed":false,"footnotes":""},"class_list":["post-548","page","type-page","status-publish","hentry"],"acf":[],"_links":{"self":[{"href":"http:\/\/www.ressources.univ-rennes2.fr\/cultures-numeriques-dans-l-enseignement\/plateforme\/wp-json\/wp\/v2\/pages\/548","targetHints":{"allow":["GET"]}}],"collection":[{"href":"http:\/\/www.ressources.univ-rennes2.fr\/cultures-numeriques-dans-l-enseignement\/plateforme\/wp-json\/wp\/v2\/pages"}],"about":[{"href":"http:\/\/www.ressources.univ-rennes2.fr\/cultures-numeriques-dans-l-enseignement\/plateforme\/wp-json\/wp\/v2\/types\/page"}],"author":[{"embeddable":true,"href":"http:\/\/www.ressources.univ-rennes2.fr\/cultures-numeriques-dans-l-enseignement\/plateforme\/wp-json\/wp\/v2\/users\/2"}],"replies":[{"embeddable":true,"href":"http:\/\/www.ressources.univ-rennes2.fr\/cultures-numeriques-dans-l-enseignement\/plateforme\/wp-json\/wp\/v2\/comments?post=548"}],"version-history":[{"count":5,"href":"http:\/\/www.ressources.univ-rennes2.fr\/cultures-numeriques-dans-l-enseignement\/plateforme\/wp-json\/wp\/v2\/pages\/548\/revisions"}],"predecessor-version":[{"id":736,"href":"http:\/\/www.ressources.univ-rennes2.fr\/cultures-numeriques-dans-l-enseignement\/plateforme\/wp-json\/wp\/v2\/pages\/548\/revisions\/736"}],"up":[{"embeddable":true,"href":"http:\/\/www.ressources.univ-rennes2.fr\/cultures-numeriques-dans-l-enseignement\/plateforme\/wp-json\/wp\/v2\/pages\/455"}],"wp:attachment":[{"href":"http:\/\/www.ressources.univ-rennes2.fr\/cultures-numeriques-dans-l-enseignement\/plateforme\/wp-json\/wp\/v2\/media?parent=548"}],"curies":[{"name":"wp","href":"https:\/\/api.w.org\/{rel}","templated":true}]}}