{"id":1017,"date":"2013-10-29T17:26:46","date_gmt":"2013-10-29T16:26:46","guid":{"rendered":"http:\/\/www.ressources.univ-rennes2.fr\/cultures-numeriques-dans-l-enseignement\/veille\/?page_id=1017"},"modified":"2013-10-29T19:00:44","modified_gmt":"2013-10-29T18:00:44","slug":"5-5-2-partager-ses-resultats-sur-differentes-plateformes-et-outils","status":"publish","type":"page","link":"http:\/\/www.ressources.univ-rennes2.fr\/cultures-numeriques-dans-l-enseignement\/veille\/5-les-outils\/diffuser-les-resultats-de-sa-veille\/5-5-2-partager-ses-resultats-sur-differentes-plateformes-et-outils\/","title":{"rendered":"5.5.2 Partager ses r\u00e9sultats sur diff\u00e9rentes plateformes et outils"},"content":{"rendered":"<p>Le travail du veilleur peut \u00eatre valoris\u00e9 \u00e0 travers diff\u00e9rentes plateformes et outils permettant de partager\u00a0son travail aupr\u00e8s des autres internautes, une communaut\u00e9 de pratiques, ses coll\u00e8gues&#8230;<\/p>\n<p>Plusieurs outils sont utilisables :<\/p>\n<p><strong>A\/ L&rsquo;envoi par mail<\/strong><br \/>\nLa plupart des outils utilis\u00e9s pour la veille permettent d&rsquo;envoyer directement par mail le r\u00e9sultat de ses trouvailles.<br \/>\n<strong>Netvibes<\/strong> via la fonction \u00ab\u00a0Partager l&rsquo;article\u00a0\u00bb :<br \/>\n<a href=\"http:\/\/www.ressources.univ-rennes2.fr\/cultures-numeriques-dans-l-enseignement\/veille\/wp-content\/uploads\/2013\/10\/partage_mail_Netvibes.jpg\"><img loading=\"lazy\" decoding=\"async\" class=\"alignnone size-thumbnail wp-image-1018\" alt=\"partage_mail_Netvibes\" src=\"http:\/\/www.ressources.univ-rennes2.fr\/cultures-numeriques-dans-l-enseignement\/veille\/wp-content\/uploads\/2013\/10\/partage_mail_Netvibes-150x70.jpg\" width=\"150\" height=\"70\" \/><\/a><\/p>\n<p><strong>Diigo<\/strong> via la fonction \u00ab\u00a0Share\u00a0\u00bb :<br \/>\n<a href=\"http:\/\/www.ressources.univ-rennes2.fr\/cultures-numeriques-dans-l-enseignement\/veille\/wp-content\/uploads\/2013\/10\/partage_mail_diigo.jpg\"><img loading=\"lazy\" decoding=\"async\" class=\"alignnone size-full wp-image-1019\" alt=\"partage_mail_diigo\" src=\"http:\/\/www.ressources.univ-rennes2.fr\/cultures-numeriques-dans-l-enseignement\/veille\/wp-content\/uploads\/2013\/10\/partage_mail_diigo.jpg\" width=\"130\" height=\"92\" \/><\/a><\/p>\n<p><strong>Twitter<\/strong> via la fonction \u00ab\u00a0Partager par e-mail\u00a0\u00bb<\/p>\n<p><strong><br \/>\nB\/ Le partage via un r\u00e9seau social<\/strong><\/p>\n<p>Il est \u00e9galement possible de partager sa veille sur des <strong>r\u00e9seaux sociaux. <\/strong>La plupart des outils de veille proposent des boutons de partage permettant de poster directement une information sur les principaux r\u00e9seaux sociaux (Twitter, Facebook, Google +&#8230;)<strong><br \/>\n<\/strong><\/p>\n<p><strong>Netvibes<\/strong> via la fonction \u00ab\u00a0Partage l&rsquo;article\u00a0\u00bb (cliquer pour agrandir)<\/p>\n<p><a href=\"http:\/\/www.ressources.univ-rennes2.fr\/cultures-numeriques-dans-l-enseignement\/veille\/wp-content\/uploads\/2013\/10\/partage_RSB_Netvibes.jpg\"><img loading=\"lazy\" decoding=\"async\" class=\"alignnone size-thumbnail wp-image-1022\" alt=\"partage_RSB_Netvibes\" src=\"http:\/\/www.ressources.univ-rennes2.fr\/cultures-numeriques-dans-l-enseignement\/veille\/wp-content\/uploads\/2013\/10\/partage_RSB_Netvibes-150x150.jpg\" width=\"143\" height=\"143\" \/><\/a><\/p>\n<p><strong>Diigo<\/strong> via la fonction \u00ab\u00a0Share\u00a0\u00bb (voir plus haut).<br \/>\nDans certains cas ces fonctions peuvent \u00eatre automatis\u00e9es en couplant les outils entre eux ainsi il est possible de sauvegarder automatiquement ses tweets marqu\u00e9s comme favoris dans Diigo.<\/p>\n<p><strong>C\/ La g\u00e9n\u00e9ration d&rsquo;un flux RSS<\/strong><\/p>\n<p>Certains outils permettent de <strong>g\u00e9n\u00e9rer un flux RSS<\/strong> \u00e0 partir de ressources s\u00e9lectionn\u00e9es par le veilleur.<br \/>\n<strong>Diigo<\/strong> permet de g\u00e9n\u00e9rer un flux RSS \u00e0 partir de chaque tag utilis\u00e9, cela permet de diffuser la veille \u00e0 travers d&rsquo;autres outils.<br \/>\nEx : flux RSS g\u00e9n\u00e9r\u00e9 \u00e0 partir du tag \u00ab\u00a0identit\u00e9 num\u00e9rique\u00a0\u00bb \u00e0 partir d&rsquo;un compte Diigo (cliquer sur l&rsquo;image pour l&rsquo;agrandir)<\/p>\n<p><a href=\"http:\/\/www.ressources.univ-rennes2.fr\/cultures-numeriques-dans-l-enseignement\/veille\/wp-content\/uploads\/2013\/10\/RSS_diigo2.jpg\"><img loading=\"lazy\" decoding=\"async\" class=\"alignnone size-medium wp-image-1029\" alt=\"RSS_diigo\" src=\"http:\/\/www.ressources.univ-rennes2.fr\/cultures-numeriques-dans-l-enseignement\/veille\/wp-content\/uploads\/2013\/10\/RSS_diigo2-300x120.jpg\" width=\"300\" height=\"120\" srcset=\"http:\/\/www.ressources.univ-rennes2.fr\/cultures-numeriques-dans-l-enseignement\/veille\/wp-content\/uploads\/2013\/10\/RSS_diigo2-300x120.jpg 300w, http:\/\/www.ressources.univ-rennes2.fr\/cultures-numeriques-dans-l-enseignement\/veille\/wp-content\/uploads\/2013\/10\/RSS_diigo2.jpg 647w\" sizes=\"auto, (max-width: 300px) 100vw, 300px\" \/><\/a><\/p>\n","protected":false},"excerpt":{"rendered":"<p>Le travail du veilleur peut \u00eatre valoris\u00e9 \u00e0 travers diff\u00e9rentes plateformes et outils permettant de partager\u00a0son travail aupr\u00e8s des autres internautes, une communaut\u00e9 de pratiques, ses coll\u00e8gues&#8230; Plusieurs outils sont utilisables : A\/ L&rsquo;envoi par mail La plupart des outils utilis\u00e9s pour la veille permettent d&rsquo;envoyer directement par mail le r\u00e9sultat de ses trouvailles. Netvibes [&hellip;]<\/p>\n","protected":false},"author":7,"featured_media":0,"parent":232,"menu_order":0,"comment_status":"open","ping_status":"open","template":"","meta":{"_acf_changed":false,"footnotes":""},"class_list":["post-1017","page","type-page","status-publish","hentry"],"acf":[],"_links":{"self":[{"href":"http:\/\/www.ressources.univ-rennes2.fr\/cultures-numeriques-dans-l-enseignement\/veille\/wp-json\/wp\/v2\/pages\/1017","targetHints":{"allow":["GET"]}}],"collection":[{"href":"http:\/\/www.ressources.univ-rennes2.fr\/cultures-numeriques-dans-l-enseignement\/veille\/wp-json\/wp\/v2\/pages"}],"about":[{"href":"http:\/\/www.ressources.univ-rennes2.fr\/cultures-numeriques-dans-l-enseignement\/veille\/wp-json\/wp\/v2\/types\/page"}],"author":[{"embeddable":true,"href":"http:\/\/www.ressources.univ-rennes2.fr\/cultures-numeriques-dans-l-enseignement\/veille\/wp-json\/wp\/v2\/users\/7"}],"replies":[{"embeddable":true,"href":"http:\/\/www.ressources.univ-rennes2.fr\/cultures-numeriques-dans-l-enseignement\/veille\/wp-json\/wp\/v2\/comments?post=1017"}],"version-history":[{"count":9,"href":"http:\/\/www.ressources.univ-rennes2.fr\/cultures-numeriques-dans-l-enseignement\/veille\/wp-json\/wp\/v2\/pages\/1017\/revisions"}],"predecessor-version":[{"id":1021,"href":"http:\/\/www.ressources.univ-rennes2.fr\/cultures-numeriques-dans-l-enseignement\/veille\/wp-json\/wp\/v2\/pages\/1017\/revisions\/1021"}],"up":[{"embeddable":true,"href":"http:\/\/www.ressources.univ-rennes2.fr\/cultures-numeriques-dans-l-enseignement\/veille\/wp-json\/wp\/v2\/pages\/232"}],"wp:attachment":[{"href":"http:\/\/www.ressources.univ-rennes2.fr\/cultures-numeriques-dans-l-enseignement\/veille\/wp-json\/wp\/v2\/media?parent=1017"}],"curies":[{"name":"wp","href":"https:\/\/api.w.org\/{rel}","templated":true}]}}