{"id":55,"date":"2013-02-20T15:21:29","date_gmt":"2013-02-20T14:21:29","guid":{"rendered":"http:\/\/www.ressources.univ-rennes2.fr\/cultures-numeriques-dans-l-enseignement\/veille\/?page_id=55"},"modified":"2013-08-14T14:55:40","modified_gmt":"2013-08-14T13:55:40","slug":"les-objectifs-de-la-veille","status":"publish","type":"page","link":"http:\/\/www.ressources.univ-rennes2.fr\/cultures-numeriques-dans-l-enseignement\/veille\/3-les-methodes\/3-1-analyse-des-besoins-delimitation-du-perimetre-de-la-veille\/les-objectifs-de-la-veille\/","title":{"rendered":"3.2.2. Les objectifs de la veille"},"content":{"rendered":"<p>Outre l&rsquo;environnement propre, le veilleur doit \u00e9galement prendre en compte les <strong>objectifs<\/strong> qu&rsquo;il se fixe, les orientation et vis\u00e9es de la structure dans laquelle la veille est mise en place, ainsi que le temps que l&rsquo;on peut y consacrer, de mani\u00e8re \u00e0 d\u00e9limiter un p\u00e9rim\u00e8tre pertinent pour cette veille, qui s&rsquo;attachera \u00e0 filtrer l&rsquo;information consid\u00e9r\u00e9e comme indispensable dans un contexte d&rsquo;enseignement. Cette d\u00e9marche est aujourd&rsquo;hui directement li\u00e9e \u00e0 la g\u00e9n\u00e9ralisation des outils, ressources et usages num\u00e9riques.<\/p>\n<p>&nbsp;<\/p>\n<p>Les objectifs de la veille peuvent \u00eatre de deux types distincts : ils peuvent viser un \u00e9tat de l&rsquo;art et \/ ou la d\u00e9tection r\u00e9guli\u00e8re des nouveaut\u00e9s.<\/p>\n<p>&nbsp;<\/p>\n<p>Ils se d\u00e9finissent :<\/p>\n<p>&#8211; <strong>en fonction du domaine :<\/strong> se tenir au courant de la production de savoirs dans sa discipline, d\u00e9couvrir des sc\u00e9narios p\u00e9dagogiques valid\u00e9s, rep\u00e9rer imm\u00e9diatement l&rsquo;actualit\u00e9 de la politique \u00e9ducative, identifier des experts&#8230; ;<\/p>\n<p>&#8211; <strong>en fonction des probl\u00e8mes<\/strong>, <strong>contraintes<\/strong> sp\u00e9cifiques au domaine ;<\/p>\n<p>&#8211; <strong>en fonction des produits vis\u00e9s :<\/strong> synth\u00e8se, lettre d&rsquo;information, etc. ;<\/p>\n<p>&#8211; <strong>en fonction des publics vis\u00e9s :<\/strong> veille personnelle, veille pour l&rsquo;\u00e9tablissement, veille pour les \u00e9l\u00e8ves ;<\/p>\n<p>&#8211; <strong>en fonction des finalit\u00e9s internes<\/strong> du contexte.<\/p>\n","protected":false},"excerpt":{"rendered":"<p>Outre l&rsquo;environnement propre, le veilleur doit \u00e9galement prendre en compte les objectifs qu&rsquo;il se fixe, les orientation et vis\u00e9es de la structure dans laquelle la veille est mise en place, ainsi que le temps que l&rsquo;on peut y consacrer, de mani\u00e8re \u00e0 d\u00e9limiter un p\u00e9rim\u00e8tre pertinent pour cette veille, qui s&rsquo;attachera \u00e0 filtrer l&rsquo;information consid\u00e9r\u00e9e [&hellip;]<\/p>\n","protected":false},"author":9,"featured_media":0,"parent":51,"menu_order":0,"comment_status":"open","ping_status":"open","template":"","meta":{"_acf_changed":false,"footnotes":""},"class_list":["post-55","page","type-page","status-publish","hentry"],"acf":[],"_links":{"self":[{"href":"http:\/\/www.ressources.univ-rennes2.fr\/cultures-numeriques-dans-l-enseignement\/veille\/wp-json\/wp\/v2\/pages\/55","targetHints":{"allow":["GET"]}}],"collection":[{"href":"http:\/\/www.ressources.univ-rennes2.fr\/cultures-numeriques-dans-l-enseignement\/veille\/wp-json\/wp\/v2\/pages"}],"about":[{"href":"http:\/\/www.ressources.univ-rennes2.fr\/cultures-numeriques-dans-l-enseignement\/veille\/wp-json\/wp\/v2\/types\/page"}],"author":[{"embeddable":true,"href":"http:\/\/www.ressources.univ-rennes2.fr\/cultures-numeriques-dans-l-enseignement\/veille\/wp-json\/wp\/v2\/users\/9"}],"replies":[{"embeddable":true,"href":"http:\/\/www.ressources.univ-rennes2.fr\/cultures-numeriques-dans-l-enseignement\/veille\/wp-json\/wp\/v2\/comments?post=55"}],"version-history":[{"count":8,"href":"http:\/\/www.ressources.univ-rennes2.fr\/cultures-numeriques-dans-l-enseignement\/veille\/wp-json\/wp\/v2\/pages\/55\/revisions"}],"predecessor-version":[{"id":385,"href":"http:\/\/www.ressources.univ-rennes2.fr\/cultures-numeriques-dans-l-enseignement\/veille\/wp-json\/wp\/v2\/pages\/55\/revisions\/385"}],"up":[{"embeddable":true,"href":"http:\/\/www.ressources.univ-rennes2.fr\/cultures-numeriques-dans-l-enseignement\/veille\/wp-json\/wp\/v2\/pages\/51"}],"wp:attachment":[{"href":"http:\/\/www.ressources.univ-rennes2.fr\/cultures-numeriques-dans-l-enseignement\/veille\/wp-json\/wp\/v2\/media?parent=55"}],"curies":[{"name":"wp","href":"https:\/\/api.w.org\/{rel}","templated":true}]}}