{"id":61,"date":"2013-02-20T15:22:19","date_gmt":"2013-02-20T14:22:19","guid":{"rendered":"http:\/\/www.ressources.univ-rennes2.fr\/cultures-numeriques-dans-l-enseignement\/veille\/?page_id=61"},"modified":"2013-09-17T15:45:46","modified_gmt":"2013-09-17T14:45:46","slug":"offre-de-ressources-et-ciblag","status":"publish","type":"page","link":"http:\/\/www.ressources.univ-rennes2.fr\/cultures-numeriques-dans-l-enseignement\/veille\/3-les-methodes\/identifier-et-selectionner-des-sources\/offre-de-ressources-et-ciblag\/","title":{"rendered":"3.4.1. Offre de ressources et ciblage de la veille"},"content":{"rendered":"<p><strong>A\/ L&rsquo;op\u00e9ration de \u00ab\u00a0sourcing\u00a0\u00bb<\/strong><\/p>\n<p>&nbsp;<\/p>\n<p>La s\u00e9lection des sources d&rsquo;information susceptibles de r\u00e9pondre aux besoins, appel\u00e9 encore \u00ab\u00a0sourcing\u00a0\u00bb, constitue une \u00e9tape fondamentale dans tout processus de veille, elle en d\u00e9termine en effet la valeur; la question de l&rsquo;\u00e9valuation des sources est particuli\u00e8rement cruciale dans le contexte actuel de surabondance informationnelle et il est n\u00e9cessaire d&rsquo;\u00e9valuer constamment l&rsquo;autorit\u00e9, la pertinence, la qualit\u00e9, l&rsquo;exhaustivit\u00e9, la fiabilit\u00e9 et la fra\u00eecheur de l&rsquo;information mise \u00e0 disposition par ces sources; cette d\u00e9marche passe n\u00e9cessairement par une validation humaine.<\/p>\n<p>&nbsp;<\/p>\n<p>Deux modes de veille sont possibles et compl\u00e9mentaires :<\/p>\n<p>&#8211; une \u00ab\u00a0veille radar\u00a0\u00bb : qui couvre un large spectre et vise la surveillance d&rsquo;un th\u00e8me; dans ce cas de figure, la veille se fait sur de nombreuses sources au travers de requ\u00eates, d&rsquo;alertes, pour en rep\u00e9rer les tendances.<\/p>\n<p>&nbsp;<\/p>\n<p>&#8211; une \u00ab\u00a0veille cible\u00a0\u00bb : qui privil\u00e9gie la surveillance de sources sp\u00e9cifiques (revues du domaine, sites officiels&#8230;)<\/p>\n<p>&nbsp;<\/p>\n<p>Une veille large peut favoriser la d\u00e9couverte de \u00ab\u00a0signaux faibles\u00a0\u00bb; une veille cibl\u00e9e pointe l&rsquo;essentiel.<\/p>\n<p>&nbsp;<\/p>\n<p>Le sourcing est une op\u00e9ration d\u00e9licate car le champ des sources potentielles est tr\u00e8s diversifi\u00e9 et peut varier en fonction du domaine de veille; avec le web social, beaucoup de sources nouvelles ont fait leur apparition : blogs, wikis, r\u00e9seaux sociaux, plateformes de partage. Ce sont aussi de nouvelles m\u00e9thodes de surveillance qui se sont d\u00e9velopp\u00e9es sur les sites web, en particulier par l&rsquo;agr\u00e9gation et la mise \u00e0 disposition de leur contenu au fur et \u00e0 mesure de la mise \u00e0 jour de ceux-ci (\u00ab\u00a0syndication de contenu\u00a0\u00bb) et par les possibilit\u00e9s d&rsquo;abonnement aux fils d&rsquo;actualit\u00e9 de ces sites (\u00ab\u00a0fils RSS\u00a0\u00bb).<\/p>\n<p>&nbsp;<\/p>\n<p>Il est important de ne pas laisser de c\u00f4t\u00e9 une source particuli\u00e8rement pertinente, il est tout aussi important d&rsquo;\u00e9viter la surabondance des sources et d&rsquo;\u00e9chapper au fantasme de l&rsquo;exhaustivit\u00e9, en ciblant les ressources apportant une r\u00e9elle valeur ajout\u00e9e et en n&rsquo;oubliant pas la phase essentielle de l&rsquo;analyse de ces sources.<\/p>\n<p>&nbsp;<\/p>\n<p><strong>B\/ Les \u00e9tapes \u00e0 suivre<\/strong><\/p>\n<p>&nbsp;<\/p>\n<p>Dans le contexte qui est le sien, l&rsquo;enseignant va \u00eatre amen\u00e9 \u00e0 privil\u00e9gier diff\u00e9rents types d&rsquo;information et \u00e0 s\u00e9lectionner les sources les plus pertinentes lui permettant essentiellement :<\/p>\n<p>&nbsp;<\/p>\n<p>&#8211; de suivre les textes officiels issus de la politique nationale et internationale en mati\u00e8re d&rsquo;\u00e9ducation, les nouveaux programmes d&rsquo;enseignement, les instructions et documents annexes, les pr\u00e9conisations officielles relevant de la p\u00e9dagogie et de l&rsquo;enseignement des disciplines.<\/p>\n<p>&nbsp;<\/p>\n<p>&#8211; de se tenir au courant des activit\u00e9s, d\u00e9bats et contributions de la profession \u00e0 l&rsquo;enseignement des disciplines scolaires\/<\/p>\n<p>&nbsp;<\/p>\n<p>&#8211; d&rsquo;obtenir des informations pointues sur des sujet sp\u00e9cifiques ou dans des disciplines pr\u00e9cises; pour faire le point sur l&rsquo;actualit\u00e9 de la profession, la r\u00e9flexion p\u00e9dagogique, pour rep\u00e9rer des ressources sp\u00e9cialis\u00e9es utiles \u00e0 la pratique de l&rsquo;enseignant (sites web sp\u00e9cialis\u00e9s, lettres d&rsquo;information, revues professionnelles).<\/p>\n<p>&nbsp;<\/p>\n<p>&#8211; de surveiller les travaux de recherche dans les domaines int\u00e9ressant l&rsquo;enseignant : p\u00e9dagogie, didactique, science de l&rsquo;\u00e9ducation, etc. Les sources privil\u00e9gi\u00e9es seront notamment les bases de donn\u00e9es, les portails de revues scientifiques, les moteurs de recherche de l&rsquo;information scientifique, les plateformes et les moteurs d&rsquo;archives ouvertes.<\/p>\n<p>&nbsp;<\/p>\n<p>&#8211; d&rsquo;identifier des experts et suivre les informations diffus\u00e9es et partag\u00e9es par ces experts dans les domaines qui int\u00e9ressent l&rsquo;enseignant et de rep\u00e9rer les ressources web ainsi signal\u00e9es : notamment sur les plateformes de partage de signets, mais aussi sur les blogs, ou encore dans les messages twitter.<\/p>\n","protected":false},"excerpt":{"rendered":"<p>A\/ L&rsquo;op\u00e9ration de \u00ab\u00a0sourcing\u00a0\u00bb &nbsp; La s\u00e9lection des sources d&rsquo;information susceptibles de r\u00e9pondre aux besoins, appel\u00e9 encore \u00ab\u00a0sourcing\u00a0\u00bb, constitue une \u00e9tape fondamentale dans tout processus de veille, elle en d\u00e9termine en effet la valeur; la question de l&rsquo;\u00e9valuation des sources est particuli\u00e8rement cruciale dans le contexte actuel de surabondance informationnelle et il est n\u00e9cessaire d&rsquo;\u00e9valuer [&hellip;]<\/p>\n","protected":false},"author":9,"featured_media":0,"parent":59,"menu_order":0,"comment_status":"open","ping_status":"open","template":"","meta":{"_acf_changed":false,"footnotes":""},"class_list":["post-61","page","type-page","status-publish","hentry"],"acf":[],"_links":{"self":[{"href":"http:\/\/www.ressources.univ-rennes2.fr\/cultures-numeriques-dans-l-enseignement\/veille\/wp-json\/wp\/v2\/pages\/61","targetHints":{"allow":["GET"]}}],"collection":[{"href":"http:\/\/www.ressources.univ-rennes2.fr\/cultures-numeriques-dans-l-enseignement\/veille\/wp-json\/wp\/v2\/pages"}],"about":[{"href":"http:\/\/www.ressources.univ-rennes2.fr\/cultures-numeriques-dans-l-enseignement\/veille\/wp-json\/wp\/v2\/types\/page"}],"author":[{"embeddable":true,"href":"http:\/\/www.ressources.univ-rennes2.fr\/cultures-numeriques-dans-l-enseignement\/veille\/wp-json\/wp\/v2\/users\/9"}],"replies":[{"embeddable":true,"href":"http:\/\/www.ressources.univ-rennes2.fr\/cultures-numeriques-dans-l-enseignement\/veille\/wp-json\/wp\/v2\/comments?post=61"}],"version-history":[{"count":11,"href":"http:\/\/www.ressources.univ-rennes2.fr\/cultures-numeriques-dans-l-enseignement\/veille\/wp-json\/wp\/v2\/pages\/61\/revisions"}],"predecessor-version":[{"id":887,"href":"http:\/\/www.ressources.univ-rennes2.fr\/cultures-numeriques-dans-l-enseignement\/veille\/wp-json\/wp\/v2\/pages\/61\/revisions\/887"}],"up":[{"embeddable":true,"href":"http:\/\/www.ressources.univ-rennes2.fr\/cultures-numeriques-dans-l-enseignement\/veille\/wp-json\/wp\/v2\/pages\/59"}],"wp:attachment":[{"href":"http:\/\/www.ressources.univ-rennes2.fr\/cultures-numeriques-dans-l-enseignement\/veille\/wp-json\/wp\/v2\/media?parent=61"}],"curies":[{"name":"wp","href":"https:\/\/api.w.org\/{rel}","templated":true}]}}