{"id":804,"date":"2013-08-21T18:48:25","date_gmt":"2013-08-21T17:48:25","guid":{"rendered":"http:\/\/www.ressources.univ-rennes2.fr\/cultures-numeriques-dans-l-enseignement\/veille\/?page_id=804"},"modified":"2013-08-21T20:53:04","modified_gmt":"2013-08-21T19:53:04","slug":"5-4-3-bookmarquer-et-taguer-les-ressources","status":"publish","type":"page","link":"http:\/\/www.ressources.univ-rennes2.fr\/cultures-numeriques-dans-l-enseignement\/veille\/5-les-outils\/les-plateformes-de-partage-de-signets\/5-4-3-bookmarquer-et-taguer-les-ressources\/","title":{"rendered":"5.4.3 Bookmarquer et taguer les ressources"},"content":{"rendered":"<p><strong>A\/ Pour bookmarquer une ressource\u00a0<\/strong><\/p>\n<p>&#8211; aller sur la page web que vous voulez bookmarquer<\/p>\n<p>&#8211; cliquer sur l\u2019ic\u00f4ne <em>Bookmark<\/em> de la barre d\u2019outils : une fen\u00eatre s\u2019ouvre<\/p>\n<p><a href=\"http:\/\/www.ressources.univ-rennes2.fr\/cultures-numeriques-dans-l-enseignement\/veille\/wp-content\/uploads\/2013\/08\/2013-08-15_162739.png\"><img loading=\"lazy\" decoding=\"async\" class=\"size-medium wp-image-807 aligncenter\" alt=\"2013-08-15_162739\" src=\"http:\/\/www.ressources.univ-rennes2.fr\/cultures-numeriques-dans-l-enseignement\/veille\/wp-content\/uploads\/2013\/08\/2013-08-15_162739-300x185.png\" width=\"300\" height=\"185\" srcset=\"http:\/\/www.ressources.univ-rennes2.fr\/cultures-numeriques-dans-l-enseignement\/veille\/wp-content\/uploads\/2013\/08\/2013-08-15_162739-300x185.png 300w, http:\/\/www.ressources.univ-rennes2.fr\/cultures-numeriques-dans-l-enseignement\/veille\/wp-content\/uploads\/2013\/08\/2013-08-15_162739.png 696w\" sizes=\"auto, (max-width: 300px) 100vw, 300px\" \/><\/a><\/p>\n<p style=\"text-align: center;\">\u00a0(cliquer sur l\u2019image pour l\u2019agrandir)<\/p>\n<p>&#8211; compl\u00e9ter la fen\u00eatre\u00a0: description, et surtout mettez des tags, indexant la ressource<\/p>\n<p>&nbsp;<\/p>\n<p><strong>B\/ Quelles r\u00e8gles d\u2019\u00e9criture des tags ?<\/strong><\/p>\n<p>&#8211; Utiliser les guillemets pour les expressions : \u00ab\u00a0histoire des arts\u00a0\u00bb<\/p>\n<p>&#8211; Se fixer des r\u00e8gles coh\u00e9rentes d\u2019\u00e9criture\u00a0:<\/p>\n<p>&#8211; choisir de pr\u00e9f\u00e9rence le singulier\u00a0;<\/p>\n<p>&#8211; mettez une majuscule aux noms propres\u00a0;<\/p>\n<p>&#8211; cr\u00e9ez-vous une syntaxe personnelle.<\/p>\n<p>&#8211; Pensez \u00e0 nettoyer r\u00e9guli\u00e8rement vos tags, pour supprimer les incoh\u00e9rences, les redondances\u2026 (cf plus loin partie 5.4.5)<\/p>\n<p>&nbsp;<\/p>\n<p><strong>C\/ Quels types de tags\u00a0?<\/strong><\/p>\n<p>Les tags doivent vous servir \u00e0 retrouver vos ressources, mais aussi \u00e0 permettre aux autres utilisateurs de chercher facilement dans vos signets. Ils peuvent d\u00e9crire diff\u00e9rents \u00e9l\u00e9ments\u00a0:<\/p>\n<p>&#8211; <strong>la description du contenu<\/strong>\u00a0: ne pas h\u00e9siter \u00e0 mettre plusieurs tags sur le sujet, soit g\u00e9n\u00e9raux, soit sp\u00e9cifiques\u00a0;<\/p>\n<p>&#8211; <strong>le support<\/strong>\u00a0: blog, pr\u00e9sentation, document PDF\u2026\u00a0?<\/p>\n<p>&#8211; <strong>le lieu<\/strong>\u00a0: pays, ville, r\u00e9gion..<\/p>\n<p>&#8211;<strong> la source<\/strong>\u00a0: le nom de la revue, de l\u2019auteur\u2026<\/p>\n<p>&#8211; <strong>la dimension temporelle<\/strong>\u00a0: pr\u00e9ciser \u00e9ventuellement l\u2019\u00e9poque, l\u2019ann\u00e9e\u2026<\/p>\n<p>&#8211; <strong>l\u2019objectif personnel de la sauvegarde<\/strong>\u00a0: pour un dossier, un article, un cours\u2026<\/p>\n<p>&nbsp;<\/p>\n<p><strong>D\/ Exercice propos\u00e9\u00a0 <\/strong><\/p>\n<p>&#8211; bookmarquer et taguer une vingtaine de ressources institutionnelles et p\u00e9dagogiques.<\/p>\n<p>&nbsp;<\/p>\n","protected":false},"excerpt":{"rendered":"<p>A\/ Pour bookmarquer une ressource\u00a0 &#8211; aller sur la page web que vous voulez bookmarquer &#8211; cliquer sur l\u2019ic\u00f4ne Bookmark de la barre d\u2019outils : une fen\u00eatre s\u2019ouvre \u00a0(cliquer sur l\u2019image pour l\u2019agrandir) &#8211; compl\u00e9ter la fen\u00eatre\u00a0: description, et surtout mettez des tags, indexant la ressource &nbsp; B\/ Quelles r\u00e8gles d\u2019\u00e9criture des tags ? &#8211; [&hellip;]<\/p>\n","protected":false},"author":5,"featured_media":0,"parent":79,"menu_order":0,"comment_status":"open","ping_status":"open","template":"","meta":{"_acf_changed":false,"footnotes":""},"class_list":["post-804","page","type-page","status-publish","hentry"],"acf":[],"_links":{"self":[{"href":"http:\/\/www.ressources.univ-rennes2.fr\/cultures-numeriques-dans-l-enseignement\/veille\/wp-json\/wp\/v2\/pages\/804","targetHints":{"allow":["GET"]}}],"collection":[{"href":"http:\/\/www.ressources.univ-rennes2.fr\/cultures-numeriques-dans-l-enseignement\/veille\/wp-json\/wp\/v2\/pages"}],"about":[{"href":"http:\/\/www.ressources.univ-rennes2.fr\/cultures-numeriques-dans-l-enseignement\/veille\/wp-json\/wp\/v2\/types\/page"}],"author":[{"embeddable":true,"href":"http:\/\/www.ressources.univ-rennes2.fr\/cultures-numeriques-dans-l-enseignement\/veille\/wp-json\/wp\/v2\/users\/5"}],"replies":[{"embeddable":true,"href":"http:\/\/www.ressources.univ-rennes2.fr\/cultures-numeriques-dans-l-enseignement\/veille\/wp-json\/wp\/v2\/comments?post=804"}],"version-history":[{"count":4,"href":"http:\/\/www.ressources.univ-rennes2.fr\/cultures-numeriques-dans-l-enseignement\/veille\/wp-json\/wp\/v2\/pages\/804\/revisions"}],"predecessor-version":[{"id":806,"href":"http:\/\/www.ressources.univ-rennes2.fr\/cultures-numeriques-dans-l-enseignement\/veille\/wp-json\/wp\/v2\/pages\/804\/revisions\/806"}],"up":[{"embeddable":true,"href":"http:\/\/www.ressources.univ-rennes2.fr\/cultures-numeriques-dans-l-enseignement\/veille\/wp-json\/wp\/v2\/pages\/79"}],"wp:attachment":[{"href":"http:\/\/www.ressources.univ-rennes2.fr\/cultures-numeriques-dans-l-enseignement\/veille\/wp-json\/wp\/v2\/media?parent=804"}],"curies":[{"name":"wp","href":"https:\/\/api.w.org\/{rel}","templated":true}]}}