
{"id":356,"date":"2013-04-24T16:22:31","date_gmt":"2013-04-24T15:22:31","guid":{"rendered":"http:\/\/www.ressources.univ-rennes2.fr\/toujours-en-ramenant-la-plume\/?page_id=356"},"modified":"2014-06-23T09:37:34","modified_gmt":"2014-06-23T08:37:34","slug":"mentions-legales","status":"publish","type":"page","link":"http:\/\/www.ressources.univ-rennes2.fr\/toujours-en-ramenant-la-plume\/mentions-legales\/","title":{"rendered":"Mentions l\u00e9gales"},"content":{"rendered":"<p>Toujours en ramenant la plume \u2013 <em>Les travailleurs de la mer<\/em>, l\u2019\u0153uvre graphique de Victor Hugo, sur une id\u00e9e originale de Jean-Pierre Montier, a \u00e9t\u00e9 financ\u00e9 dans le cadre de l&rsquo;appel \u00e0 projet de l&rsquo;Universit\u00e9 Num\u00e9rique Th\u00e9matique.<\/p>\n<p><strong>Production<\/strong><br \/>\nUOH \/ Universit\u00e9 Rennes 2<\/p>\n<p><strong>Directeur de la publication<\/strong><br \/>\nJean Emile GOMBERT, pr\u00e9sident de l&rsquo;universit\u00e9 Rennes 2<\/p>\n<p><strong>Production ex\u00e9cutive<\/strong><br \/>\nCREA &#8211; Centre de Ressources et d&rsquo;\u00c9tudes Audiovisuelles<br \/>\nUniversit\u00e9 Rennes 2<br \/>\nPlace du Recteur Henri Le Moal, CS 24 307, 35043 Rennes Cedex, France<br \/>\n02.99.14.13.17<\/p>\n<p><strong>Direction des Syst\u00e8mes Informatiques<\/strong><br \/>\nUniversit\u00e9 Rennes 2 Place du Recteur Henri Le Moal, CS 24 307, 35043 Rennes Cedex, France<br \/>\nEn faisant usage de ce site, vous d\u00e9clarez accepter ces mentions.<\/p>\n<p><strong>Informations techniques<\/strong><br \/>\nIl est rappel\u00e9 que le secret des correspondances n&rsquo;est pas garanti sur le r\u00e9seau Internet et qu&rsquo;il appartient \u00e0 chaque utilisateur d&rsquo;Internet de prendre toutes les mesures appropri\u00e9es de fa\u00e7on \u00e0 prot\u00e9ger ses propres donn\u00e9es et\/ou logiciels de la contamination d&rsquo;\u00e9ventuels virus circulant sur Internet.<\/p>\n<p><strong>Mentions relatives aux droits d&rsquo;auteur<\/strong><br \/>\nTous les logiciels, textes, images anim\u00e9es ou fixes, sons, savoir-faire, dessins, graphismes (&#8230;) et tous autres \u00e9l\u00e9ments composant le web documentaire Toujours en ramenant la plume \u2013 Les travailleurs de la mer, l\u2019\u0153uvre graphique de Victor Hugo sont la propri\u00e9t\u00e9 de l&rsquo;Universit\u00e9 Rennes 2 ou de tiers ; ils ne doivent pas \u00eatre utilis\u00e9s \u00e0 des fins commerciales sans le consentement \u00e9crit et pr\u00e9alable du propri\u00e9taire.<\/p>\n<p>De mani\u00e8re g\u00e9n\u00e9rale, la pr\u00e9sentation et le contenu de ce site constituent une \u0153uvre prot\u00e9g\u00e9e par les lois en vigueur sur la propri\u00e9t\u00e9 intellectuelle. Les soci\u00e9t\u00e9s et les noms cit\u00e9s ne sont donn\u00e9s qu&rsquo;\u00e0 titre d&rsquo;exemple. Ces citations ne doivent laisser supposer aucune association de l&rsquo;universit\u00e9 Rennes 2 avec tout autre soci\u00e9t\u00e9, nom ou produit.<\/p>\n<p>Tous les droits qui ne sont pas express\u00e9ment conc\u00e9d\u00e9s sont r\u00e9serv\u00e9s \u00e0 l&rsquo;universit\u00e9 Rennes 2. En outre, celle-ci n&rsquo;entend faire aucune d\u00e9claration sur le caract\u00e8re appropri\u00e9 d&rsquo;un usage particulier des informations contenues dans les documents et dans les \u00e9l\u00e9ments graphiques publi\u00e9s sur ce module. Toute garantie de ce fait est exclue.<\/p>\n<p>L&rsquo;universit\u00e9 Rennes 2 ne saurait en aucun cas \u00eatre tenue pour responsable, quel que soit le fondement de l&rsquo;action en responsabilit\u00e9 qui pourrait \u00eatre invoqu\u00e9, de dommages directs ou indirects r\u00e9sultant de l&rsquo;utilisation du web documentaire, ou li\u00e9e \u00e0 celle-ci ainsi qu&rsquo;aux usages des informations disponibles sur le site. Elle d\u00e9gage sa responsabilit\u00e9 pour tout dommage qui r\u00e9sulterait d&rsquo;un arr\u00eat d&rsquo;utilisation, d&rsquo;une perte de donn\u00e9es ou de b\u00e9n\u00e9fices.<\/p>\n<p>Les fichiers pouvant \u00eatre t\u00e9l\u00e9charg\u00e9s sur un ordinateur, le sont \u00e0 un usage strictement personnel ou \u00e0 des fins d&rsquo;enseignement en formation. Ceux-ci ne peuvent \u00eatre destin\u00e9s \u00e0 une utilisation commerciale, qu&rsquo;\u00e0 la condition expresse du respect des droits d&rsquo;auteur et des autres droits d&rsquo;exclusivit\u00e9. A ce titre, vous ne pouvez proc\u00e9der \u00e0 aucun autre usage, en particulier commercial, sauf autorisation pr\u00e9alable et \u00e9crite des propri\u00e9taires du site. Le non-respect de cette interdiction peut constituer un acte de contrefa\u00e7on engageant vos responsabilit\u00e9s civile et p\u00e9nale.<\/p>\n<p>En poursuivant votre visite sur ce site, vous acceptez de respecter les restrictions ci-dessus.<\/p>\n<p><strong>Mentions relatives aux liens hypertextes<\/strong><br \/>\nLes liens hypertextes qui se trouvent sur le web documentaire Toujours en ramenant la plume \u2013 Les travailleurs de la mer, l\u2019\u0153uvre graphique de Victor Hugo vous font quitter le site. Les sites cibles ne sont pas sous le contr\u00f4le de l&rsquo;universit\u00e9 Rennes 2 ; par cons\u00e9quent, l&rsquo;universit\u00e9 n&rsquo;est pas responsable du contenu de ces sites, des liens qu&rsquo;ils contiennent, ni des changements ou mises \u00e0 jour qui leur sont apport\u00e9s. Les liens sont pr\u00e9sents sur le site pour votre commodit\u00e9 et leur inclusion n&rsquo;implique aucune approbation par l&rsquo;universit\u00e9 Rennes 2. Les risques li\u00e9s \u00e0 l&rsquo;utilisation de ces sites incombent donc pleinement \u00e0 l&rsquo;utilisateur.<\/p>\n<p>Tout lien hypertexte vers le web documentaire Toujours en ramenant la plume \u2013 Les travailleurs de la mer, l\u2019\u0153uvre graphique de Victor Hugo ou l&rsquo;une de ses pages est libre, \u00e0 condition d&rsquo;indiquer clairement la source. Tout site public ou priv\u00e9 est autoris\u00e9 \u00e0 \u00e9tablir un lien vers les informations diffus\u00e9es sur le site web documentaire Toujours en ramenant la plume \u2013 Les travailleurs de la mer, l\u2019\u0153uvre graphique de Victor Hugo sous r\u00e9serve:<br \/>\n&#8211; d&rsquo;en pr\u00e9venir, par courtoisie, les responsables du site par courrier \u00e9lectronique<br \/>\n&#8211; que l&rsquo;intitul\u00e9 du lien comporte la mention explicite de la source (URL)<br \/>\n&#8211; de ne pas r\u00e9aliser de liens profonds et de ne pas utiliser la technique dite du \u00ab\u00a0framing\u00a0\u00bb qui imbriquerait les pages<br \/>\ndu site \u00e0 l&rsquo;int\u00e9rieur des pages d&rsquo;un autre site,<br \/>\n&#8211; que les informations utilis\u00e9es ne le soient qu&rsquo;\u00e0 des fins personnelles ou p\u00e9dagogiques; toute utilisation \u00e0 des fins commerciales ou publicitaires devant faire l&rsquo;objet d&rsquo;une demande aupr\u00e8s des responsables.<\/p>\n<p>Cette autorisation ne s&rsquo;applique en aucun cas aux sites internet des informations \u00e0 caract\u00e8re raciste, pornographique, x\u00e9nophobe, pol\u00e9mique ou pouvant, d&rsquo;une fa\u00e7on g\u00e9n\u00e9rale porter atteinte \u00e0 la sensibilit\u00e9 du plus grand nombre.<br \/>\nL&rsquo;universit\u00e9 Rennes 2 ne peut en aucun cas \u00eatre tenu pour responsable des sites ayant un lien hypertexte avec le pr\u00e9sent site et d\u00e9cline toute responsabilit\u00e9 quant \u00e0 leur contenu et \u00e0 leur utilisation.<\/p>\n<p><strong>Informations concernant les modifications<\/strong><br \/>\nL&rsquo;universit\u00e9 Rennes 2 se r\u00e9serve le droit de modifier les pr\u00e9sentes mentions \u00e0 tout moment. L&rsquo;utilisateur s&rsquo;engage<br \/>\ndonc \u00e0 les consulter r\u00e9guli\u00e8rement.<br \/>\nPour nous contacter, envoyez votre question par courrier \u00e0 l&rsquo;une des adresses indiqu\u00e9es ci-dessous :<br \/>\nLe Centre de Ressources et d&rsquo;\u00c9tudes Audiovisuelles (CREA) de l&rsquo;universit\u00e9 Rennes 2<br \/>\nAm\u00e9lie Murie<br \/>\nCharg\u00e9e de production<br \/>\n02 99 14 13 31<br \/>\namelie.murie@univ-rennes2.fr<\/p>\n","protected":false},"excerpt":{"rendered":"<p>Toujours en ramenant la plume \u2013 Les travailleurs de la mer, l\u2019\u0153uvre graphique de Victor Hugo, sur une id\u00e9e originale de Jean-Pierre Montier, a \u00e9t\u00e9 financ\u00e9 dans le cadre de l&rsquo;appel \u00e0 projet de l&rsquo;Universit\u00e9 Num\u00e9rique Th\u00e9matique. Production UOH \/ Universit\u00e9 Rennes 2 Directeur de la publication Jean Emile GOMBERT, pr\u00e9sident de l&rsquo;universit\u00e9 Rennes 2 [&hellip;]<\/p>\n","protected":false},"author":2,"featured_media":0,"parent":0,"menu_order":0,"comment_status":"open","ping_status":"open","template":"","meta":{"_acf_changed":false,"jetpack_post_was_ever_published":false,"footnotes":""},"class_list":["post-356","page","type-page","status-publish","hentry"],"acf":[],"yoast_head":"<!-- This site is optimized with the Yoast SEO plugin v26.0 - https:\/\/yoast.com\/wordpress\/plugins\/seo\/ -->\n<title>Mentions l\u00e9gales - Toujours en ramenant la plume<\/title>\n<meta name=\"robots\" content=\"index, follow, max-snippet:-1, max-image-preview:large, max-video-preview:-1\" \/>\n<link rel=\"canonical\" href=\"http:\/\/www.ressources.univ-rennes2.fr\/toujours-en-ramenant-la-plume\/mentions-legales\/\" \/>\n<meta property=\"og:locale\" content=\"fr_FR\" \/>\n<meta property=\"og:type\" content=\"article\" \/>\n<meta property=\"og:title\" content=\"Mentions l\u00e9gales - Toujours en ramenant la plume\" \/>\n<meta property=\"og:description\" content=\"Toujours en ramenant la plume \u2013 Les travailleurs de la mer, l\u2019\u0153uvre graphique de Victor Hugo, sur une id\u00e9e originale de Jean-Pierre Montier, a \u00e9t\u00e9 financ\u00e9 dans le cadre de l&rsquo;appel \u00e0 projet de l&rsquo;Universit\u00e9 Num\u00e9rique Th\u00e9matique. Production UOH \/ Universit\u00e9 Rennes 2 Directeur de la publication Jean Emile GOMBERT, pr\u00e9sident de l&rsquo;universit\u00e9 Rennes 2 [&hellip;]\" \/>\n<meta property=\"og:url\" content=\"http:\/\/www.ressources.univ-rennes2.fr\/toujours-en-ramenant-la-plume\/mentions-legales\/\" \/>\n<meta property=\"og:site_name\" content=\"Toujours en ramenant la plume\" \/>\n<meta property=\"article:modified_time\" content=\"2014-06-23T08:37:34+00:00\" \/>\n<meta name=\"twitter:label1\" content=\"Dur\u00e9e de lecture estim\u00e9e\" \/>\n\t<meta name=\"twitter:data1\" content=\"5 minutes\" \/>\n<script type=\"application\/ld+json\" class=\"yoast-schema-graph\">{\"@context\":\"https:\/\/schema.org\",\"@graph\":[{\"@type\":\"WebPage\",\"@id\":\"http:\/\/www.ressources.univ-rennes2.fr\/toujours-en-ramenant-la-plume\/mentions-legales\/\",\"url\":\"http:\/\/www.ressources.univ-rennes2.fr\/toujours-en-ramenant-la-plume\/mentions-legales\/\",\"name\":\"Mentions l\u00e9gales - Toujours en ramenant la plume\",\"isPartOf\":{\"@id\":\"http:\/\/www.ressources.univ-rennes2.fr\/toujours-en-ramenant-la-plume\/#website\"},\"datePublished\":\"2013-04-24T15:22:31+00:00\",\"dateModified\":\"2014-06-23T08:37:34+00:00\",\"breadcrumb\":{\"@id\":\"http:\/\/www.ressources.univ-rennes2.fr\/toujours-en-ramenant-la-plume\/mentions-legales\/#breadcrumb\"},\"inLanguage\":\"fr-FR\",\"potentialAction\":[{\"@type\":\"ReadAction\",\"target\":[\"http:\/\/www.ressources.univ-rennes2.fr\/toujours-en-ramenant-la-plume\/mentions-legales\/\"]}]},{\"@type\":\"BreadcrumbList\",\"@id\":\"http:\/\/www.ressources.univ-rennes2.fr\/toujours-en-ramenant-la-plume\/mentions-legales\/#breadcrumb\",\"itemListElement\":[{\"@type\":\"ListItem\",\"position\":1,\"name\":\"Home\",\"item\":\"http:\/\/www.ressources.univ-rennes2.fr\/toujours-en-ramenant-la-plume\/\"},{\"@type\":\"ListItem\",\"position\":2,\"name\":\"Mentions l\u00e9gales\"}]},{\"@type\":\"WebSite\",\"@id\":\"http:\/\/www.ressources.univ-rennes2.fr\/toujours-en-ramenant-la-plume\/#website\",\"url\":\"http:\/\/www.ressources.univ-rennes2.fr\/toujours-en-ramenant-la-plume\/\",\"name\":\"Toujours en ramenant la plume\",\"description\":\"Les travailleurs de la mer\",\"potentialAction\":[{\"@type\":\"SearchAction\",\"target\":{\"@type\":\"EntryPoint\",\"urlTemplate\":\"http:\/\/www.ressources.univ-rennes2.fr\/toujours-en-ramenant-la-plume\/?s={search_term_string}\"},\"query-input\":{\"@type\":\"PropertyValueSpecification\",\"valueRequired\":true,\"valueName\":\"search_term_string\"}}],\"inLanguage\":\"fr-FR\"}]}<\/script>\n<!-- \/ Yoast SEO plugin. -->","yoast_head_json":{"title":"Mentions l\u00e9gales - Toujours en ramenant la plume","robots":{"index":"index","follow":"follow","max-snippet":"max-snippet:-1","max-image-preview":"max-image-preview:large","max-video-preview":"max-video-preview:-1"},"canonical":"http:\/\/www.ressources.univ-rennes2.fr\/toujours-en-ramenant-la-plume\/mentions-legales\/","og_locale":"fr_FR","og_type":"article","og_title":"Mentions l\u00e9gales - Toujours en ramenant la plume","og_description":"Toujours en ramenant la plume \u2013 Les travailleurs de la mer, l\u2019\u0153uvre graphique de Victor Hugo, sur une id\u00e9e originale de Jean-Pierre Montier, a \u00e9t\u00e9 financ\u00e9 dans le cadre de l&rsquo;appel \u00e0 projet de l&rsquo;Universit\u00e9 Num\u00e9rique Th\u00e9matique. Production UOH \/ Universit\u00e9 Rennes 2 Directeur de la publication Jean Emile GOMBERT, pr\u00e9sident de l&rsquo;universit\u00e9 Rennes 2 [&hellip;]","og_url":"http:\/\/www.ressources.univ-rennes2.fr\/toujours-en-ramenant-la-plume\/mentions-legales\/","og_site_name":"Toujours en ramenant la plume","article_modified_time":"2014-06-23T08:37:34+00:00","twitter_misc":{"Dur\u00e9e de lecture estim\u00e9e":"5 minutes"},"schema":{"@context":"https:\/\/schema.org","@graph":[{"@type":"WebPage","@id":"http:\/\/www.ressources.univ-rennes2.fr\/toujours-en-ramenant-la-plume\/mentions-legales\/","url":"http:\/\/www.ressources.univ-rennes2.fr\/toujours-en-ramenant-la-plume\/mentions-legales\/","name":"Mentions l\u00e9gales - Toujours en ramenant la plume","isPartOf":{"@id":"http:\/\/www.ressources.univ-rennes2.fr\/toujours-en-ramenant-la-plume\/#website"},"datePublished":"2013-04-24T15:22:31+00:00","dateModified":"2014-06-23T08:37:34+00:00","breadcrumb":{"@id":"http:\/\/www.ressources.univ-rennes2.fr\/toujours-en-ramenant-la-plume\/mentions-legales\/#breadcrumb"},"inLanguage":"fr-FR","potentialAction":[{"@type":"ReadAction","target":["http:\/\/www.ressources.univ-rennes2.fr\/toujours-en-ramenant-la-plume\/mentions-legales\/"]}]},{"@type":"BreadcrumbList","@id":"http:\/\/www.ressources.univ-rennes2.fr\/toujours-en-ramenant-la-plume\/mentions-legales\/#breadcrumb","itemListElement":[{"@type":"ListItem","position":1,"name":"Home","item":"http:\/\/www.ressources.univ-rennes2.fr\/toujours-en-ramenant-la-plume\/"},{"@type":"ListItem","position":2,"name":"Mentions l\u00e9gales"}]},{"@type":"WebSite","@id":"http:\/\/www.ressources.univ-rennes2.fr\/toujours-en-ramenant-la-plume\/#website","url":"http:\/\/www.ressources.univ-rennes2.fr\/toujours-en-ramenant-la-plume\/","name":"Toujours en ramenant la plume","description":"Les travailleurs de la mer","potentialAction":[{"@type":"SearchAction","target":{"@type":"EntryPoint","urlTemplate":"http:\/\/www.ressources.univ-rennes2.fr\/toujours-en-ramenant-la-plume\/?s={search_term_string}"},"query-input":{"@type":"PropertyValueSpecification","valueRequired":true,"valueName":"search_term_string"}}],"inLanguage":"fr-FR"}]}},"jetpack_sharing_enabled":true,"jetpack_shortlink":"https:\/\/wp.me\/P4A7En-5K","_links":{"self":[{"href":"http:\/\/www.ressources.univ-rennes2.fr\/toujours-en-ramenant-la-plume\/wp-json\/wp\/v2\/pages\/356","targetHints":{"allow":["GET"]}}],"collection":[{"href":"http:\/\/www.ressources.univ-rennes2.fr\/toujours-en-ramenant-la-plume\/wp-json\/wp\/v2\/pages"}],"about":[{"href":"http:\/\/www.ressources.univ-rennes2.fr\/toujours-en-ramenant-la-plume\/wp-json\/wp\/v2\/types\/page"}],"author":[{"embeddable":true,"href":"http:\/\/www.ressources.univ-rennes2.fr\/toujours-en-ramenant-la-plume\/wp-json\/wp\/v2\/users\/2"}],"replies":[{"embeddable":true,"href":"http:\/\/www.ressources.univ-rennes2.fr\/toujours-en-ramenant-la-plume\/wp-json\/wp\/v2\/comments?post=356"}],"version-history":[{"count":5,"href":"http:\/\/www.ressources.univ-rennes2.fr\/toujours-en-ramenant-la-plume\/wp-json\/wp\/v2\/pages\/356\/revisions"}],"predecessor-version":[{"id":793,"href":"http:\/\/www.ressources.univ-rennes2.fr\/toujours-en-ramenant-la-plume\/wp-json\/wp\/v2\/pages\/356\/revisions\/793"}],"wp:attachment":[{"href":"http:\/\/www.ressources.univ-rennes2.fr\/toujours-en-ramenant-la-plume\/wp-json\/wp\/v2\/media?parent=356"}],"curies":[{"name":"wp","href":"https:\/\/api.w.org\/{rel}","templated":true}]}}